 7*a + 1. Let c be 3/(-21) + 43/7. Let s be i(c). What are the prime factors of q(s)?
3
Let p(o) be the first derivative of o**3 + 2*o**2 + 7. Let c(k) = 4*k**2 + 4*k - 1. Let l(n) = 4*c(n) - 5*p(n). List the prime factors of l(7).
17
Let h = 19 - -4. Let p = h - -31. List the prime factors of p.
2, 3
Suppose -8 = -h - 3, 2*p = -h + 17. Suppose 0 = -5*c + 2*l + 174, -c - l = -p - 26. List the prime factors of c.
2, 17
Let c(l) = -l**2 - 20*l + 33*l - 12 - 36*l. List the prime factors of c(-9).
2, 3, 19
Suppose -25*y + 39*y = 32088. What are the prime factors of y?
2, 3, 191
Suppose -3*o + 0*u + 4*u = 38, 5*o - 4*u + 58 = 0. List the prime factors of (56/(-35))/(4/o).
2
Suppose -3*a + 114 + 135 = 0. What are the prime factors of a?
83
Let o(b) = b + 1. Let i(d) = 3*d**2 - 15*d + 10. Let p(t) = i(t) - 3*o(t). What are the prime factors of p(7)?
2, 7
Let n be 1 + 3 - (-1 - 368). Suppose 5*g - n = -5*v + 7, 226 = 3*g + 4*v. List the prime factors of g.
2, 3, 13
Suppose -46299 = 87*u - 110*u. What are the prime factors of u?
3, 11, 61
Let l be 3 - (-1)/((-2)/4). Suppose -2*k + 2*j = -0*k - 2, -3*k + 5*j = l. Suppose -2*y = -5*y + 4*n + 125, 2*y - 55 = -k*n. What are the prime factors of y?
5, 7
Suppose -3*l - 5*n - 6 = 0, -l + 0 = 2*n + 3. Let d(r) = r**3 + 3*r**2 + 3*r. What are the prime factors of d(l)?
3, 7
Suppose 0*p + p + 250 = 0. What are the prime factors of -1*3/12 + p/(-8)?
31
Suppose 14*a = 59*a - 258750. List the prime factors of a.
2, 5, 23
Let y be 1 + 13/(26/276). Suppose -3*b = -5 - y. What are the prime factors of b?
2, 3
Let u(g) = g**2 - 9. Let d be u(0). Let v = 13 + d. Suppose 3*n = v*n - 29. What are the prime factors of n?
29
Suppose -8*m = -1509 - 4163. What are the prime factors of m?
709
Let w(g) = -g**2 - 16*g + 4. Let y be w(-16). Suppose -3*i = 2*i. Suppose -c - y*c + 70 = i. What are the prime factors of c?
2, 7
Let k be (-12)/15 + 117/15. Suppose -k*c + 227 = -74. List the prime factors of c.
43
Suppose -31*w - 52 = -27*w. Let k(r) = 11*r + 3. Let l be k(3). Let h = l + w. What are the prime factors of h?
23
Let s(f) = 0*f**3 - 6*f - 5*f + 12*f + 8*f**2 + f**3. Let x be s(-7). Let c = 93 - x. List the prime factors of c.
3, 17
Let g be ((-4)/5)/((-1)/75). Suppose 4*s - 6 = -4*w + w, 3*s + 10 = 5*w. Suppose -3*m - 14 = -w*q + q, 2*q = -2*m + g. List the prime factors of q.
2, 13
Suppose 0 = y - 2*y + 5. Suppose -l = -5*o - 5*l + 40, 4*o + 9 = y*l. Suppose -5*q - 3*j - j = -135, o*j = -4*q + 112. What are the prime factors of q?
23
Let i(c) = 2*c + 48. Let d be i(-23). Suppose -a = -4*u + 1059, -334 - 188 = -d*u - 2*a. List the prime factors of u.
2, 3, 11
Suppose -896 = -2*u - 5*a, -u - 3*a + 373 + 76 = 0. List the prime factors of u.
443
Let g = 240 - 130. What are the prime factors of g/(-3)*(-96)/20?
2, 11
Let u(a) = 138*a**2 + 10*a + 92. List the prime factors of u(-6).
2, 5
What are the prime factors of 149/(11/(-2090)*-5)?
2, 19, 149
Let z be 23/4 + (-2)/(-8). Suppose -11 = -4*a - 3*c + z, -5*a + 45 = -c. Suppose k - 3*k = a, u + 2*k - 13 = 0. List the prime factors of u.
3, 7
Let n = -5 - 5. What are the prime factors of (-31)/(2*5/n)?
31
Suppose 2*u = -3*o + 4563, -3*o - 3*u - u = -4569. List the prime factors of o.
7, 31
Let v = 3858 - 775. List the prime factors of v.
3083
Let c(o) be the second derivative of -3/2*o**2 + 6*o + 0 - 1/3*o**3. List the prime factors of c(-11).
19
What are the prime factors of 4*445/120*78?
13, 89
Let k(z) = -z**3 - 7*z**2 - 12*z - 12. Let t = -2 + -6. Let o be k(t). Suppose -7*j + 470 = o. List the prime factors of j.
2, 23
Let u be (28/(-6))/(4/(-138)). Let v = -83 + u. List the prime factors of v/8 - (-7)/28.
2, 5
Suppose 4 = 2*k - 0*k. Let r be ((-3)/k)/(9/18). What are the prime factors of (-3 - 0) + (41 - r)?
41
Let i(l) be the second derivative of -17*l**3/3 - 17*l**2 + 37*l. List the prime factors of i(-7).
2, 3, 17
Suppose -80*c = -88*c + 8216. List the prime factors of c.
13, 79
Suppose 2*j - 3*w - 9 = 0, 0*j - 4*w - 12 = 3*j. Let r be 2/(8/12) - j. Let g = r - -19. What are the prime factors of g?
2, 11
Let l(n) = -80*n - 625. List the prime factors of l(-43).
5, 563
Let t(q) = 9*q**2 - 35*q + 33. What are the prime factors of t(13)?
7, 157
Let t(v) = -2*v**2 + 4*v + 2*v + 4*v**2 + 4. Suppose 11*i - 12*i - 4 = 0. What are the prime factors of t(i)?
2, 3
Let j(v) be the first derivative of -6 - 1/2*v**2 + v. List the prime factors of j(-5).
2, 3
Let k = -77 - -217. List the prime factors of k.
2, 5, 7
Suppose 2*u - 5*f - 2008 = 0, -3007 = -3*u - 5*f + 10*f. List the prime factors of u.
3, 37
Let y = 464 - 312. List the prime factors of y.
2, 19
Suppose 4*n - 1840 = -4*w, -n - 4*n = 3*w - 1378. What are the prime factors of w?
461
Suppose 3*w = w + 12. Suppose 2*f - 21 = -5*f. What are the prime factors of (f - 1)*33/w?
11
Suppose 83 = 2*w - 65. List the prime factors of w.
2, 37
Suppose 641 = -5*w + 3806. List the prime factors of w.
3, 211
Suppose 3*x - a - 3*a = 24, 3*x = 2*a + 18. Suppose -10 - 2 = -j - 2*t, 0 = x*t + 8. List the prime factors of j + 5/((-5)/(-3)).
19
Let t(x) = -5*x - 1. Let y be t(-1). Suppose -3*q + y = q, 2*q = -4*s + 194. Let v = -8 + s. What are the prime factors of v?
2, 5
Suppose 0 = 4*q + 5*a + 11, 3*q - 2*a + 8 = -6. Let t = 12 + q. What are the prime factors of 48/4*12/t?
2, 3
Let d = -126 - 29. Let o be (1 - d)/1 + 0. Suppose -8*r + o + 340 = 0. List the prime factors of r.
2, 31
Let w(b) = b**3 - 11*b**2 + 5*b - 12. Let l be w(12). Suppose 2*y - 269 = -3*d, -3*d - l = -5*d + 5*y. Suppose 3*n - d = -40. What are the prime factors of n?
17
Let g(p) = p. Let r be g(3). Suppose -3*q + r = -3. Suppose -2*w + 3*f - 1 = -q, f = 5*w - 22. List the prime factors of w.
5
Suppose -15*b - 2466 = -24*b. List the prime factors of b.
2, 137
Let w(c) = 5*c + 14. Let d(b) = 3*b + 7. Let a(j) = -7*d(j) + 4*w(j). Let g(q) = -q + 8. Let h(t) = -4*a(t) + 5*g(t). What are the prime factors of h(6)?
2, 3
Let n = -118 + 54. List the prime factors of (-2 - -4) + (-1 - n).
5, 13
What are the prime factors of 15*((-126)/(-10) - 1)?
2, 3, 29
Let h = -1399 - -2304. What are the prime factors of h?
5, 181
Suppose 347 = 4*t - 3*b - 112, -2*t = -5*b - 233. Suppose 100 + t = p. List the prime factors of p.
2, 107
Let u(p) = -p**2 - 6*p + 43. Let v be u(-10). Suppose 0 = 2*i + 3*i. Suppose -151 = -3*s + 5*y, -v*s + i*s + 158 = 2*y. What are the prime factors of s?
2, 13
Let p = 0 - 26. Let i = -26 - p. Suppose y + m - 34 = i, 0*y - m = 4*y - 127. List the prime factors of y.
31
Suppose -197 = 7*i - 10*i + 5*a, -2*i + 126 = -2*a. What are the prime factors of i?
59
Let s be -8*(3 - 4) - 2. Suppose s*w = 11*w - 440. List the prime factors of w.
2, 11
Suppose -h = -5*h. Suppose -4*z + z = h. Suppose z = -3*t + 4*t - 63. List the prime factors of t.
3, 7
Suppose -3*z = -4*l + 23, 0*l - 5*l + 30 = -5*z. Suppose -62 = -l*s + 18. Suppose 5*c + 3*q = s + 19, -2*q = 4*c - 28. List the prime factors of c.
7
Let o(g) be the first derivative of -g**3/3 - 13*g**2/2 + 6*g - 5. List the prime factors of o(-10).
2, 3
Let o(j) = j**2 + 13*j - 35. What are the prime factors of o(33)?
1483
Suppose -9*z + 0*z + 3573 = 0. What are the prime factors of z?
397
Suppose -5*p = 4*r - 14066 + 362, -5*r - 13695 = -5*p. What are the prime factors of p?
2, 5, 137
Let f be (-1)/3*54/(-6). Suppose 0 = f*q - 0*q + 33. Let i(w) = -4*w - 9. What are the prime factors of i(q)?
5, 7
Let c = 60 - 17. Let l = c - 17. What are the prime factors of l?
2, 13
Let g = 22 + -7. Let q(z) = z**3 + 8*z**2 + 6*z - 10. Let c be q(-7). Let b = g - c. What are the prime factors of b?
2, 3
Let c(v) = -v**2 - 60*v + 181. List the prime factors of c(-45).
2, 107
Let j = 131 + -25. What are the prime factors of j?
2, 53
Let x = -39 + 69. Let n = x + 0. Suppose 0 = -5*w - n + 125. What are the prime factors of w?
19
Suppose 3*i - 335 = n, 2*i + 5*n - 188 - 7 = 0. Let y = i + -23. Suppose -3*h + y = -54. List the prime factors of h.
47
Suppose 0 = l + x - 6354, 63*x - 61*x = 5*l - 31798. What are the prime factors of l?
2, 11, 17
Let t(g) = -g**2 + 6*g + 12. Let s be t(7). Suppose s*u + 2*d = 999 - 345, 5*u - 652 = -d. What are the prime factors of u?
2, 5, 13
Let y(t) = 2*t**3 + t**2 - t - 1. Let w be y(-1). Let n be (0 